*l + 23, 2*l - 34 = -2*l + z*r. List the prime factors of l.
2, 5
Suppose 0*l = -2*l - 6. What are the prime factors of 9/l*46/(-6)?
23
Let w = 62 + 24. List the prime factors of w.
2, 43
What are the prime factors of -123*(3 + 20/(-6))?
41
List the prime factors of 55 - (-1 - (4 - 3)).
3, 19
List the prime factors of 0 + -4 - (-161)/1.
157
Let j = 4 + -1. Suppose 0 = -j*f - f + 36. What are the prime factors of f?
3
Suppose 44 + 34 = 2*s. What are the prime factors of s?
3, 13
Let v = 3 + 88. What are the prime factors of v?
7, 13
Suppose -2*t = -u, -2*t = -4*u - 0*u. Let x be u - (-1 - 2) - -1. List the prime factors of (x - 2) + 0 - 0.
2
Let a(o) = 2*o - 1. List the prime factors of a(3).
5
Let u(r) = -r + 2. Suppose -k - k - 6 = 0. Let j be 1 - (-10 + -2)/k. List the prime factors of u(j).
5
Let v(y) = 2*y**2 + 3*y + 9. What are the prime factors of v(-6)?
3, 7
List the prime factors of 3*5/15*51.
3, 17
Let s = -4 - -7. Suppose -4*b + 11 = 5*c, -4*b - c + 18 = s. Suppose -b*v + 2 + 10 = 0. What are the prime factors of v?
3
Suppose -7 = -3*g - 1. Suppose 4*p = -g*q + 80, 4*q - 3*p - p = 160. List the prime factors of q.
2, 5
Suppose 0 = 4*a - 2*s - 382, -5*a + 10*a + 2*s - 473 = 0. What are the prime factors of a?
5, 19
Let j(k) = -2*k - 2. Let v be j(-3). Let d be 3*v/(-18)*-6. Suppose -19 + d = -5*i. List the prime factors of i.
3
Let y(z) = -z**3 + 4*z**2 + z + 1. Let q = 0 - -4. Let r be ((-32)/(-6))/q*3. What are the prime factors of y(r)?
5
Let j(c) be the third derivative of c**6/120 + c**5/30 - 5*c**4/24 - 2*c**3/3 - c**2. Suppose 5*z + 9 + 6 = 0. List the prime factors of j(z).
2
Let f(k) = -k**3 + 4*k**2 + 4*k + 4. Suppose l + 6 = 2*a, -3*a - 5*l = -9 - 13. List the prime factors of f(a).
2, 5
Let y(d) be the first derivative of -1 - d + d**3 - 3/2*d**2. List the prime factors of y(3).
17
Suppose 3*q = k + 3 - 13, -16 = -2*q - 5*k. Let x = q - 2. Let r(b) = -b**3 - 2*b**2 + 5*b - 1. What are the prime factors of r(x)?
11
Let t(l) = -191*l + 11. What are the prime factors of t(-1)?
2, 101
Let v = 4 + -4. Suppose -3*l + 2*q + 9 = v, -5*l + 5*q = 6*q - 2. Suppose 0 = 2*o + 3*s - l, -3*o - s + 3 = -o. What are the prime factors of o?
2
Let t(u) = u**3 - u**2 + u. Let x be t(0). Suppose 2*r - 3*g - 33 = x, 4*g = r + 5*g - 24. Let m = r + -12. What are the prime factors of m?
3
What are the prime factors of (2 + -1 - 2) + 22?
3, 7
Suppose -146 = -r + 3*o, 7*r - 3*r - 514 = -2*o. List the prime factors of r.
131
Let h = 9 + 5. What are the prime factors of h?
2, 7
Suppose 2*i + 3*i = -5*h + 60, 4*i = -h + 12. What are the prime factors of h - (1 + (-4)/2)?
13
Let w(s) be the third derivative of -s**6/120 + s**5/12 - 2*s**3/3 - s**2. Let g be w(5). What are the prime factors of 1/(-2) - 38/g?
3
List the prime factors of (9/6)/((-9)/(-462)).
7, 11
Suppose -f = 3*f - 112. Suppose -2*g = -0*g - f. What are the prime factors of g?
2, 7
Let q = 8 + 0. List the prime factors of q.
2
Let a be 0 - -41*(0 - -1). Suppose 0 = -2*k - 2*k - 5*j, -5*k + 4*j = -a. Suppose -k*i - 4*y = -48, i = -i - 4*y + 12. List the prime factors of i.
2, 3
Suppose 5*n = 23 + 62. What are the prime factors of n?
17
Let z be 3*(-1 + 0 - -2). Let a = z + -1. Suppose -2*g - a = 0, -2 = -4*r + 5*g + 15. List the prime factors of r.
3
Let s(r) = 24*r - 1. Let b(z) = -z - 2. Let y be b(-3). List the prime factors of s(y).
23
Let z be (-2 - 24/(-9))*3. Let n(y) = y + 4 - 4*y + 0*y**z - y**2 + 2*y**2. What are the prime factors of n(5)?
2, 7
Suppose -2*o + 18 = -22. Let a = 32 - o. Suppose -27 = -5*c - a. What are the prime factors of c?
3
Let q = -17 - -54. What are the prime factors of q?
37
Let f = -10 - -3. Suppose -2*u - 6 - 20 = 4*x, 0 = 3*u - 3*x + 30. Let b = f - u. List the prime factors of b.
2
What are the prime factors of (-1440)/(-35) + (-1)/7?
41
Let y = 15 + -11. Suppose 1 = 3*j - y*x, j + 2*x = -0*j + 7. Suppose 4*r - 66 = -w, 26 + 18 = j*r - 2*w. What are the prime factors of r?
2
Let y be (-2 - -2)/(0 + 1). Suppose y = 2*r - 4*p - 10, p - 40 = -4*r - p. What are the prime factors of r?
3
Suppose 3*b = 22 + 5. Suppose 3*y + b = g, -2*g - g + 43 = -y. What are the prime factors of g?
3, 5
Suppose 0*c - 8 = -2*c. Suppose -3*j = -c*d - 6*j + 100, 64 = 2*d + 5*j. List the prime factors of 4*2/16*d.
11
Suppose 5*h - h = -3*q + 143, 178 = 5*h + 4*q. List the prime factors of h.
2, 19
Suppose -2*x + 0*x - 334 = -2*k, -3*k - 5*x = -485. List the prime factors of k.
3, 5, 11
Suppose 0 = -3*v + 2*t - 7*t + 45, v - 3*t = 15. Suppose -v = -5*m + 2*o - 0*o, 6 = 2*m - 5*o. What are the prime factors of m?
3
Let b = -1 - 1. What are the prime factors of 6*b*-1 - -1?
13
Let l be (0 + -1)/(4/(-100)). Let c = l + -13. List the prime factors of c.
2, 3
Let s = -7 - -5. Let i be -1 + (-1 - s)*-9. Let b = 0 - i. List the prime factors of b.
2, 5
Let z(l) = -l**2 + 10*l + 3. Let n be z(10). What are the prime factors of n/2*(-136)/(-12)?
17
Let o = -14 + 17. List the prime factors of o.
3
Let z(u) = -u**3 - u**2 + 4*u - 3. Let q be z(2). Let o = q - -17. Suppose 6 = -3*p, 48 - o = 2*d - 3*p. List the prime factors of d.
2
Let h = 9 - 6. Suppose -2*m - 3*q + 22 = -h, 5*m - 120 = 4*q. What are the prime factors of m?
2, 5
Let c = 36 - 11. What are the prime factors of c?
5
Suppose -4*v = -4 - 12. Suppose 0 = 3*r - d + v*d + 21, r - 13 = 3*d. List the prime factors of (-3)/6 - 31/r.
3, 5
Suppose -y = -q - 2*y + 28, 0 = -4*q + 5*y + 121. List the prime factors of q.
29
Let y be (1 - 2)*(3 + -16). Let v = 69 + -40. Let s = v - y. List the prime factors of s.
2
Let q = 0 + 3. Suppose -j + 104 = q*j. Suppose -j = -4*i - 2*g, -2*i - 5*g + 3 = -2*g. List the prime factors of i.
3
List the prime factors of 352/10 + ((-96)/30 - -3).
5, 7
Suppose 0*n - 204 = -3*b + n, 0 = -4*n. What are the prime factors of b?
2, 17
Let n be -2 + 0/2 + 14. Let o = -1 + 6. Suppose -4*i + o*p + 52 = -0*i, 0 = -4*i - 5*p + n. What are the prime factors of i?
2
Let p = 90 - 59. What are the prime factors of p?
31
Suppose -4*j + 423 - 15 = 0. List the prime factors of j.
2, 3, 17
List the prime factors of (4 + -3)/(0 + (-1)/(-142)).
2, 71
Suppose -3*r + 5*r - 8 = -5*j, -2*r = -5*j - 8. Suppose -5*u + 10 = 0, 5*u = r*k - 39 + 5. List the prime factors of k.
11
Let m(d) be the third derivative of d**6/360 + d**5/120 - d**4/24 - d**2. Let u(v) be the second derivative of m(v). What are the prime factors of u(4)?
3
List the prime factors of (16/(-10))/(18/(-135)).
2, 3
Let h = -39 - -57. List the prime factors of h.
2, 3
Suppose 0 = x + f - 12, 0 = 3*x + x - 4*f - 72. What are the prime factors of x?
3, 5
Suppose -2*f + 4*u = -32, 3*f - 6 = u + 62. List the prime factors of f.
2, 3
Let x(g) = -g**3 - 7*g**2 - 10*g. Let o be x(-4). Let l(m) = m**2 + 5*m - 3. Let v be l(-6). List the prime factors of -1 - o - (v - 4).
2
Let t be 2/7 - (-183)/21. Suppose y = 2*y - t. List the prime factors of y.
3
Let d(w) = 3*w**2 - 12*w + 1. List the prime factors of d(14).
421
Suppose 3*w - 6 = w. Suppose -7 - 8 = w*f. List the prime factors of (-34)/(-8) + f/20.
2
Let f(u) = -5*u - 1. Let q be f(-1). Let o = 2 + q. What are the prime factors of o?
2, 3
Let u(m) = m**2 + 3*m. Let l(y) = 2*y + 11. Let c be l(-8). What are the prime factors of u(c)?
2, 5
Let v(c) = -8*c - 4 - 2 + 16*c. List the prime factors of v(4).
2, 13
Let h(z) = 6*z - 1. Let w be h(-4). Let k = -14 - w. List the prime factors of k.
11
Let h(c) = 10*c + 2. List the prime factors of h(6).
2, 31
Suppose 4*q - 1380 = 4*t, 3*q = -t - t + 1050. What are the prime factors of q?
2, 3, 29
Let g(m) = m**3 + 7*m**2 + 6*m + 2. List the prime factors of g(-4).
2, 13
Let s be 1*18*(-3)/(-6). Let x(j) = j**3 - 9*j**2 + j - 6. Let i be x(s). Suppose -6 = -l - i. List the prime factors of l.
3
Let w(m) = 102*m**3 + 6*m**2 + 14*m + 17. Let s(f) = -34*f**3 - 2*f**2 - 5*f - 6. Let t(d) = 17*s(d) + 6*w(d). List the prime factors of t(1).
5, 7
Let s(d) = -2*d + 2. Let h(w) = 3*w - 4. Let x(g) = -4*h(g) - 7*s(g). What are the prime factors of x(7)?
2
Let p = -105 - -13. Let j = -62 - p. What are the prime factors of j?
2, 3, 5
Let l(w) = w**2 + 6*w - 21. List the prime factors of l(-16).
139
Let j be (-3 - 0) + 5 - 2. Suppose 5*q - 1 = 4*o - 35, -5*q + 10 = j. What are the prime fac